92
Let g = 0 + 5. Suppose 2*x = 4*x + 2*v - 86, -g*v = 0. What is the highest common factor of 172 and x?
43
Let x(b) = -29*b + 9. Let s = 14 - 19. Let o be x(s). Calculate the greatest common factor of 14 and o.
14
Suppose -19*q = -410 - 122. What is the greatest common factor of q and 4?
4
Let s(n) = 11*n + 289. Let m be s(45). What is the greatest common divisor of m and 32?
16
Suppose -115 = -6*c + 95. What is the highest common divisor of 14 and c?
7
Let i = 2052 - 2036. What is the greatest common factor of 1144 and i?
8
Let i = 77 + -62. Suppose 6*s = s + i. What is the greatest common divisor of 33 and s?
3
Let f(z) = z**2 - 7*z + 7. Let o be f(4). Let x(l) = l**2 + l + 4. Let b be x(o). Calculate the greatest common divisor of b and 60.
12
Let m(g) = 3*g + 3. Let z be m(-3). Let s = 6 + z. Suppose -4*u - 2*n + 709 = -5*n, s = 2*u - 5*n - 365. Calculate the highest common factor of u and 25.
25
Let p(g) = -14*g - 24. Let w be p(-14). What is the highest common divisor of 4 and w?
4
Suppose -11*h = -12064 + 1779. Calculate the highest common factor of 561 and h.
187
Let n(d) = 57 + d**3 - 34 - d + 79 - d - d**2. Let z be n(0). What is the highest common divisor of 17 and z?
17
Suppose -929 = -2*x + 4*y - 183, x - 358 = -y. Suppose -j + 4*p - 2*p = -37, 2*j + 3*p = 60. What is the highest common factor of x and j?
33
Let f be -78*(-22 + 23 + (-9)/2). What is the greatest common divisor of 78 and f?
39
Let q = 29 - 27. Suppose 2*u - u + 191 = 5*x, -q*x - 2*u = -86. What is the greatest common divisor of x and 52?
13
Let n = 14 - 24. Let b be (-2)/(-4) - 35/n. Suppose 5*k - 4 - 21 = -5*z, -12 = -3*z - 4*k. Calculate the highest common divisor of b and z.
4
Suppose -7*p + 69 = -281. Let j = 7 + -8. Let r be -3 - (-23)/(j/(-1)). Calculate the greatest common factor of p and r.
10
Suppose 10*b = 6*b + 216. What is the greatest common divisor of b and 6?
6
Let g(h) = h**2 - 6*h + 2. Suppose -w - 2 = 2, -4*x = -3*w - 36. Let j be g(x). Suppose 3*k + j*k = 105. Calculate the highest common factor of k and 105.
21
Let h be ((-4)/10)/(31/(-2325)). What is the greatest common factor of h and 66?
6
Let g(d) be the first derivative of -43*d**4/4 - d - 1. Let h be g(1). Let r = 2 - h. Calculate the highest common divisor of r and 23.
23
Let f = 833 + -404. What is the greatest common factor of 66 and f?
33
Let c(j) = j**3 - 18*j**2 + 18*j - 21. Let h be c(17). Let s be ((-42)/h)/(2/4). What is the highest common divisor of s and 63?
21
Suppose 4*i = d - 107, 5*d + 9*i - 510 = 4*i. Let m = d + -89. What is the highest common divisor of m and 14?
14
Let y(c) = 3*c**2 - 3*c. Let u be y(3). Let d = -34 + 75. Let x = d - -13. What is the highest common factor of u and x?
18
Suppose -31 = 2*z + 4*q - 317, 0 = 5*z + 3*q - 715. What is the highest common divisor of 33 and z?
11
Let w(m) = -2*m**3 + 27*m**2 - 9*m - 18. Let c be w(13). What is the greatest common factor of c and 2?
2
Let d be (-3)/(-3) - 34/2. Let y = d - -30. Let z = 2 - -96. What is the highest common factor of z and y?
14
Let g(l) = 7*l**2 + 8*l - 12. Let h be g(3). What is the greatest common factor of h and 45?
15
Suppose x - 1046 = -4*q, -2*x + 251 = 5*q - 1058. What is the highest common factor of q and 36?
9
Suppose -13*n = -540 - 9028. What is the greatest common divisor of n and 46?
46
Let k = -1214 - -1229. Calculate the highest common divisor of k and 1095.
15
Suppose 15*o - 3802 = -82. What is the highest common factor of o and 8?
8
Let u = -146 + 224. Let f = u - 60. What is the greatest common divisor of f and 18?
18
Let j(u) be the first derivative of -3*u**2/2 - 12*u + 35. Let g be j(-18). Calculate the highest common divisor of g and 56.
14
Let z be (118/(-8))/((-4)/32). Let d(l) = -7*l + 47. Let s be d(12). Let i = z + s. Calculate the highest common factor of 9 and i.
9
Let o be 59 + -1 + 26 + -30. Let a be (1/2)/(1/16). Let l be a/(-16) + 13/2. Calculate the greatest common factor of l and o.
6
Suppose -2*n + 24 = 2*a, -3*a + 4*n = -a - 48. Let u = -11 + a. Suppose -23 = -2*m + 7. What is the greatest common factor of u and m?
5
Let b = -80 - -150. Suppose 4*o + 14 = 3*q, 0*q + 3*o + 8 = 2*q. Suppose q = 3*p - 74. What is the highest common divisor of p and b?
14
Suppose -10*i + 102 = -98. Calculate the highest common divisor of 130 and i.
10
Let y = -568 + 688. Calculate the highest common factor of 60 and y.
60
Let d be 2*47 - (-8 - 0). Calculate the highest common factor of 51 and d.
51
Let s(i) = i + 9. Let n be s(-7). Suppose -r - n*u = -0*r - 26, -3*u + 15 = 0. What is the highest common factor of 16 and r?
16
Suppose 1980 = -134*m + 145*m. Calculate the highest common factor of m and 40.
20
Let j(x) = 16*x. Let m be j(2). Let y = 48 - m. Let h = 231 + -207. What is the greatest common factor of h and y?
8
Let w = -139 - -436. Calculate the highest common divisor of 22 and w.
11
Suppose -5*d + 25 = 0, 2*m = 7*m - 2*d - 25. Let j be (-20)/m*14/(-4). Let r be (-7 - -86) + 1/2*2. What is the highest common divisor of r and j?
10
Let c(v) = -v**3 + 6*v**2 - 6*v + 2. Let b be c(4). Let h = 41 + -42. Let j = 41 + h. Calculate the highest common divisor of j and b.
10
Suppose q - 2*q = -93. Suppose 0 = 4*m - q - 75. Suppose 16*x - 700 = -9*x. What is the greatest common factor of x and m?
14
Let d = -17 + 38. Let u be (-8 - 5/(-5))/((-3)/(-6)). Let f = 21 + u. Calculate the highest common factor of f and d.
7
Let c be (690/15)/((-7)/(-28)). Calculate the highest common divisor of 46 and c.
46
Suppose b - 270 = -b. Let d(p) = -p + 20. Let l be d(5). Calculate the highest common divisor of b and l.
15
Let o be (3 - 5) + (-10)/(-1). Let p(r) = r**3 + 7*r**2 + 5*r - 6. Let f be p(-6). Let d = o - f. Calculate the greatest common factor of 16 and d.
8
Let o = 63 + -187. Let g = 256 + o. Calculate the highest common divisor of 12 and g.
12
Let l be ((-21)/(-6) - 3) + (-108)/(-8). Suppose -l*m + 9*m = -20. Let y be 2*11 - (-2)/(-1). What is the greatest common factor of y and m?
4
Suppose 35 = t + 4*i, -5*i - 98 = -10*t + 6*t. What is the greatest common divisor of 108 and t?
27
Let y be (-2748)/(-14) - 8/28. Let j = -134 + y. Suppose 0 = -m - 1, 0 = -3*v - 4*m + 6*m + j. What is the greatest common factor of 80 and v?
20
Suppose -106*p + 110*p = -w + 205, -p - 5 = 0. Calculate the greatest common factor of 18 and w.
9
Suppose 0*s + 48 = 2*s. Let o = 39 + -35. Suppose -2*f + 3*x + 12 = 2*x, 4*x = o*f - 16. What is the highest common divisor of f and s?
8
Let k = -246 - -291. What is the greatest common divisor of 45 and k?
45
Suppose -3*m + m - 57 = -3*l, 0 = -l + 3*m + 12. Let p be 1/(-4 + l/5). Let f = -32 - -47. Calculate the highest common factor of p and f.
5
Let n(g) = g**2 + 176. Let m be (0/6)/(1/1). Let b be n(m). What is the greatest common divisor of 16 and b?
16
Let d = 4729 + -1958. Calculate the highest common factor of 17 and d.
17
Suppose 44*s + 34 = 46*s. What is the highest common factor of 17 and s?
17
Let f(u) = 3*u - 1. Let j be f(5). Let w(m) = -m**2 + 4*m + 2. Let o be w(3). Let r be 27 - o - (1 - 0). What is the greatest common divisor of r and j?
7
Let w(q) = 2*q**2 + 16*q + 2. Let n be w(-8). Let v be n*(2 - 1) - -103*1. What is the highest common factor of v and 15?
15
Let m be -6 - 3/6*4. Let v = 30 + m. What is the greatest common divisor of v and 110?
22
Let r = 13 + -1. Let q = 17 - r. Suppose 0 = j + 5*m - 14, 0 = 3*j - q*m - 11 - 71. What is the highest common factor of j and 12?
12
Suppose 4*n = -2*f + 7*n + 25, n = -2*f + 5. Let u be (-64)/(-160) - (-78)/f. Calculate the greatest common factor of u and 12.
4
Let k be (8/6)/(10/360). Let y be (12/(-14))/((k/(-42))/4). Calculate the greatest common factor of y and 2.
1
Let m = 5 - -8. Calculate the greatest common factor of 871 and m.
13
Suppose -4*b + 92 = -8. Suppose -p + 5*k + b = 0, -3*p - 3*k + 55 = 2*k. Calculate the greatest common divisor of 50 and p.
10
Let q(u) = 3*u**2 - 6*u + 1. Let a be q(4). Suppose 25 = 5*g, -1543 + 398 = -5*m - 4*g. What is the greatest common divisor of a and m?
25
Let t be (-87 + 29)*(-5)/((-10)/(-16)). What is the greatest common divisor of t and 29?
29
Let n be 717 + (5 - 0) + -9. What is the greatest common divisor of n and 31?
31
Let a = -475 - -1003. What